11 - (-2 + 9 + -21 + 31)?
-6
What is the value of 21 + (10 + -6 - 20)?
5
What is the value of -51 - (-57 - -8) - (13 - -1)?
-16
50 + -16 - 29 - -7
12
Calculate (-17 - (-10 - (11 - 12))) + (-3 - -37).
26
Calculate 1 + (2 - -2) + (9 - (-23 - -34)).
3
Calculate 6 + 3 + -9 + (4 - 4) + 1.
1
Evaluate (3 - -3) + -2 - 4 - 11.
-11
(-3 - 4) + (-8 - -8) + 10
3
What is the value of 2 + (1 - 7) + -1?
-5
5 + -23 + -13 + 1 + 11
-19
Evaluate 4 - (46 - (25 - -4)).
-13
What is 35 + (-10 - -20) + -33?
12
Calculate -2 + -1 + 1 - (9 + -26).
15
Evaluate 13 + -10 - (16 - (2 - 3)).
-14
(-6 - 3) + 13 - (10 + 5 + -4)
-7
What is -72 - -73 - (-1 + -1 + 5 - 1)?
-1
Evaluate (4 - -1) + -1 + 8.
12
Evaluate -1 - 34 - (-11 + (24 - (-13 + 35))).
-26
-1 + -29 + -21 + 37
-14
Evaluate (1 + 6 + -10 - -16) + -29.
-16
What is the value of 13 + (6 - (28 + -14))?
5
What is (-3 - (2 + -1 + -5)) + -1 + -3?
-3
Calculate -11 + 0 + 1 - (49 + -71).
12
43 + (16 - 68) + 0 + 34 + 2
27
Calculate 16 + (-1 + -5 - -4) + -1 + -5.
8
Evaluate -3 + (11 - (-5 - (0 - (-6 + 16)))).
3
2 + -5 + 2 - (55 + -41)
-15
(0 - 1) + (5 - (-3 + -3 - -22))
-12
-22 + 15 + -1 - (2 + (-14 - -1))
3
What is the value of 38 + -57 + (4 - 17 - -2)?
-30
What is -3 + 17 + -20 + -4?
-10
What is 6 + -3 - 7 - ((-10 - -12) + 24)?
-30
What is the value of (-84 - -103) + -25 + 1?
-5
Calculate -16 + -25 - (-47 + 14).
-8
What is 20 + -3 + -2 - (-6 + 9 + 1)?
11
What is 8 + -8 + (5 + -6 - -10) + -38?
-29
Evaluate 6 + (13 + -7 - (1 + 2)) + -12.
-3
Evaluate 3 + 7 + -15 - -28.
23
What is (10 + -14 - 1) + 3?
-2
Calculate 18 + 16 + -36 + 7.
5
What is 8 + (-2 - 9 - -12)?
9
Calculate -8 - (9 + -3 + -8 + -6).
0
-92 + 93 - (2 + 14)
-15
What is -18 - (1 + -6) - (-11 + 4 - -7)?
-13
17 - (19 + (-11 - -15)) - (-1 - 21)
16
-10 - (13 - 15) - 3 - -15
4
Evaluate 34 + (-10 - (-11 - (-11 + 1))).
25
Evaluate 41 - (-24 + -16 + 55).
26
Evaluate (-7 - -10 - 6) + (-6 - (-6 - -26)).
-29
What is -16 + (21 - (-9 + 17) - 9)?
-12
What is (-5 + 12 - (0 + 6)) + 3?
4
Calculate (-2 - -2) + 7 + (-4 - -15) + -30.
-12
What is (-5 - 1) + -10 + (6 - 2)?
-12
-14 + 23 + 5 - 7 - (0 - -17)
-10
Calculate -2 + -7 - (18 + -45 + 16).
2
(23 - (19 + 15)) + 17
6
Evaluate (1262 - 1258) + 0 + (6 - 1) - 42.
-33
Evaluate -11 + (1 - -10) - 3.
-3
-2 + (-7 - (-8 + 7)) + (-7 - 10)
-25
Evaluate 3 + (-3 + 17 - 27) + -17.
-27
What is 0 + -2 - 14 - (64 + -67) - -2?
-11
-3 + 20 + (1 - -6 - (-7 - -10))
21
-48 + 57 - (-11 + 23)
-3
What is 20 + 0 + 2 + (-90 + 99 - 1)?
30
What is the value of -3 + 0 + (2 - -1) + -11 + 19?
8
Evaluate 3 + (14 - 5) + 2.
14
Evaluate -12 + -1 - (-213 - -212).
-12
Calculate (40 - 25) + (-8 - -3).
10
Calculate (23 - (-31 - -33)) + -28.
-7
What is the value of (2 - (5 - 3) - (-2 + 4)) + 13?
11
What is (2 + 0 - -2) + 2 - -3?
9
Calculate (3 - -6) + (8 + -3 - -16).
30
Calculate -11 + -4 - -8 - (-12 - 2) - -6.
13
-2 + (-11 - (-6 - -3) - -14)
4
What is -7 + (1 - -7 - (2 + 2)) + -5?
-8
What is (1 - -7) + (5 - 3) + -9 + 3?
4
What is the value of -14 + (-17 - -15 - -12)?
-4
What is 12 + (-12 + 1 - (-77 - -98))?
-20
Evaluate -24 - (-26 + 23) - -1.
-20
Calculate (-2 - -3) + 24 + -7.
18
What is the value of 2 - (-5 - (-5 + (5 - 6)) - -4)?
-3
Evaluate 9 + (-4 - ((2 - 3) + 0)) - 2.
4
Calculate (-6 - 3) + 2 - 3 - (7 - -10).
-27
9 + -3 + (3 - 11 - -12)
10
What is the value of -2 + -1 + (-2 - 4 - -10)?
1
Calculate -2 - (-10 + (-10 - -15) - -10 - -5).
-12
16 - (28 + -12 + 3)
-3
Evaluate 29 - (-11 + (68 - 18)).
-10
Calculate -29 + -35 + 18 + (-7 - -31).
-22
Calculate -17 - (-1 - 5) - -9 - -7.
5
8 - (7 + (11 - (-10 + 19)))
-1
What is the value of 2 + -5 + (-4 + 8 - -9)?
10
Evaluate -118 + 116 + -14 + -2.
-18
What is -1 + 4 + (-3 - 9) + 3 + -4?
-10
Evaluate -5 + -2 + -2 + -2 + -2.
-13
What is 4 + -1 + -3 + (-59 - -29)?
-30
Evaluate -42 - (-1 + -10) - -17.
-14
Evaluate -33 + 23 + 58 + -25.
23
Evaluate 0 - 14 - -12 - (-1 + 4).
-5
What is (5 - 0) + -527 + 529?
7
What is (1 - -1 - -1) + 17 + (628 - 624)?
24
-16 - (6 - (-6 + (61 - 9)))
24
What is the value of (0 + (-8 - (3 + -9)) - 4) + 5?
-1
What is the value of -71 + 69 + (0 - 1)?
-3
What is the value of (42 - (32 - 9)) + 0 + 0?
19
What is the value of 10 + 6 + -17 + (5 - 9)?
-5
Evaluate -12 + (1 - (43 + -36)).
-18
What is the value of -20 - -1 - (17 + 13 + (-1 - 23))?
-25
Evaluate (-45 - (-2 - 88)) + -36.
9
What is the value of -23 + -14 + 6 + -12 + 8?
-35
What is the value of 5 + -13 + (6 - 7) + 17?
8
What is the value of 0 + 2 - ((-15 - -24) + -18)?
11
What is 3 + 14 + -22 + 14?
9
What is (-14 - (-4 - 19) - -1) + (10 - 1)?
19
Evaluate 1 + 1 + (1 - -7) + -1.
9
Evaluate 0 - 7 - (8 + 13 + -33).
5
Calculate (-4 - (3 + -21)) + 6.
20
What is the value of -6 + 16 - (39 - 18)?
-11
What is (-3 + (-6 - -1) - (-14 + 9)) + 24?
21
What is the value of -138 - -118 - (-7 - 1)?
-12
What is the value of (-2 + 4 - -1 - (113 + -92)) + 4?
-14
(-45 - -19 - -9) + (2 - 4) - 6
-25
What is the value of 7 + 0 - (100 + -111) - 13?
5
Evaluate -20 - (-109 + 107 + 9 + -2).
-25
Calculate 9 + -14 - -4 - -9.
8
Evaluate 0 + -5 + (-1 - -19 - 13) + -12.
-12
Calculate 13 + 10 + (-6 + 0 - 4 - -5).
18
Calculate 7 - (16 + 2) - -13.
2
What is the value of -261 - -255 - ((2 - -1) + 0)?
-9
5 + (2 - (-4 + 16)) - (0 - -3)
-8
(-107 - -102) + 0 + 2 + 19
16
Evaluate (-20 - -33) + 2 + -9.
6
What is 4 + -4 + 19 + (6 - (23 + -13))?
15
(-19 - (-13 + 10 + -13)) + -13
-16
6 + (5 - (-7 - (-3 - 3))) + -1
11
What is the value of (-8 - (2 - 6)) + 4 - -4?
4
What is 1 - (-9 + 2) - (2 + 1) - -5?
10
What is (-34 - 1) + (79 - 26 - 38)?
-20
Evaluate -6 - (0 + 3 + -5 + 5) - 14.
-23
496 + -504 + (29 - 2) + 2
21
What is 8 + -5 + 3 + (2 - -4)?
12
-5 + (-1 + 8 - (11 + -9)) - -18
18
(17 - 61) + (-81 - -97)
-28
Calculate 153 + -166 - (-15 - -1).
1
Calculate (0 - (-2 - 1) - 2) + 11 + -5.
7
Evaluate (20 - (15 - 3 - -5)) + (6 - 0).
9
32 - (-9 - (-6 + 11 + -23))
23
Calculate (4 - (3 - -10) - -10) + (15 - 0).
16
Evaluate 6 + (3 + -5 - 12) + -15.
-23
What is -4 + -3 + 6 + (-5 - -5) - 3?
-4
-22 - ((17 - -5) + -42)
-2
What is -34 + (-7 - (-28 + -16))?
3
What is the value of (-3 + -8 - -53) + (-1 - 8) - 5?
28
Calculate -7 - (4 - (17 + -1)) - -23.
28
21 - 3 - -1 - 19
0
Calculate -6 - (-2 - (4 - 8 - -11)).
3
(6 - -16) + -12 + -3
7
Calculate (-72 - -60) + 14 + -3.
-1
Evaluate 13 + -36 + -11 + 15.
-19
(1 + 1 - ((-77 - -37) + 36)) + -11
-5
What is the value of -20 + -23 + 9 + 31?
-3
What is (0 - -6 - (-8 + 7)) + 2?
9
Calculate 5 + -4 + 7 - (2 + -6 - -8).
4
What is the value of -10 + 7 - (-2 - (-1 - -3) - -4)?
-3
What is -107 + 110 - (0 - 7)?
10
What is (-13 - (-10 + -10 + 3)) + -1 + 8?
11
What is the value of (14 - -33) + -42 + -1 + 10?
14
What is the value of -8 - -4 - (-3 + 13 + -2)?
-12
Calculate 12 + 0 + (-11 - (-15 - (-20 - 21))).
-25
Evaluate -20 + -4 - (8 + -21 + -1).
-10
Evaluate 15 + (-26 - 3) - (-2 + -41).
29
What is the value of 10 - (3 + 1 + 3 + -4 + -4)?
11
What is the value of (-14 - (3 + -18 + 15)) + -20?
-34
Evaluate -16 - (17 + -14 - 20).
1
What is (28 - 50) + 41 + -21?
-2
What is -10 - (8 + -2 + 0 + -2 + -2)?
-12
43 + -19 + -41 + -19
-36
What is the value of 0 + -16 + 9 + 8 + 9 + 0?
10
Evaluate -17 - -30 - (-10 + 35).
-12
1 + -4 + -1 + 27 + -44 + 31
10
Calculate (-3 - (-3 - (-6 - -17))) + -5.
6
Evaluate (-13 - 8 - (2 + -5)) + 7.
-11
What is -20 + 18 + 4 + 3 + 9 + -1?
13
Evaluate -1493 - -1516 - (13 - -1).
9
-3 - (14 + (0 + 4 + -9 - 3))
-9
What is (-5 - (-4 - -6 - -5)) + -2 + 8?
-6
What is the value of (-1 + 33 - 17) + -34 + 2?
-17
What is 0 - ((-3 - (-14 - -6)) + 1) - -8?
2
Calculate -2 + 26 + (-200 - -188).
12
Evaluate 0 - -4 - (-41 - -57).
-12
What is (14 - 21 - -8) + -6?
-5
Calculate -9 + 15 + -5 + 8 - 27.
-18
What is the value of -11 + (-24 - -11 - -26 - 5)?
-3
What is 0 + 3 + (-33 - -21) - -2?
-7
Evaluate 22 + (-35 + 15 - -11).
13
Calculate -34 + 28 + -12 + -1.
-19
Evaluate -21 + (-46 - -23 - -41).
-3
Evaluate 23 + (-4 - -13) + 3 + (-6 - 4).
25
Calculate -31 + 31 + 30 + -3.
27
What is the value of -46 + (37 - (28 - 18))?
-19
Evaluate -4 - (-1 - 10) - 13.
-6
34 + -18 + -8 + 2 - -10
20
Calculate 5 - (7 - (-12 + (7 - 3))).
-10
What is -2 - (9 + -8) - (-2 - 7)?
6
Calculate (-5 + 3 - (17 - 9 - 4)) + -11.
-17
What is the value of 19 - (-9 + -14 - -30)?
12
Evaluate -57 + (28 - (-8 + 2)).
-23
What is the value 